{"id":1071,"date":"2025-04-06T21:30:35","date_gmt":"2025-04-06T19:30:35","guid":{"rendered":"https:\/\/xn--frulein-wundershop-mtb.de\/?post_type=product&#038;p=1071"},"modified":"2025-04-06T21:30:40","modified_gmt":"2025-04-06T19:30:40","slug":"wendekleidchen-kord-regenschirm-rot","status":"publish","type":"product","link":"https:\/\/xn--frulein-wundershop-mtb.de\/index.php\/produkt\/wendekleidchen-kord-regenschirm-rot\/","title":{"rendered":"Wendekleidchen Kord Regenschirm Rot"},"content":{"rendered":"<p>Das Kleid ist von beiden Seiten tragbar. Feinkord und Baumwolle. doppelt gen\u00e4ht. Die Bauchtasche ist aus dem jeweils anderen Stoff. Die Tr\u00e4ger sind mit Druckkn\u00f6pfen verschlossen. Durch das Kreuzsystem auf dem R\u00fccken passt das gute St\u00fcck sehr lange, ab dem Laufalter, also von ca. 1 bis 3 Jahren.<br \/>\nWaschbar bei 30 Grad.<\/p>\n","protected":false},"excerpt":{"rendered":"<p>Das Kleid ist von beiden Seiten tragbar. Feinkord und Baumwolle. doppelt gen\u00e4ht. Die Bauchtasche ist aus dem jeweils anderen Stoff. Die Tr\u00e4ger sind mit Druckkn\u00f6pfen verschlossen. Durch das Kreuzsystem auf dem R\u00fccken passt das gute St\u00fcck sehr lange, ab dem Laufalter, also von ca. 1 bis 3 Jahren. Waschbar bei 30 Grad.<\/p>\n","protected":false},"featured_media":1075,"comment_status":"open","ping_status":"closed","template":"","meta":[],"product_brand":[],"product_cat":[31,39],"product_tag":[],"class_list":{"0":"post-1071","1":"product","2":"type-product","3":"status-publish","4":"has-post-thumbnail","6":"product_cat-fuer-kleine","7":"product_cat-kleider","8":"product_shipping_class-maxi","10":"first","11":"instock","12":"shipping-taxable","13":"purchasable","14":"product-type-simple"},"_links":{"self":[{"href":"https:\/\/xn--frulein-wundershop-mtb.de\/index.php\/wp-json\/wp\/v2\/product\/1071","targetHints":{"allow":["GET"]}}],"collection":[{"href":"https:\/\/xn--frulein-wundershop-mtb.de\/index.php\/wp-json\/wp\/v2\/product"}],"about":[{"href":"https:\/\/xn--frulein-wundershop-mtb.de\/index.php\/wp-json\/wp\/v2\/types\/product"}],"replies":[{"embeddable":true,"href":"https:\/\/xn--frulein-wundershop-mtb.de\/index.php\/wp-json\/wp\/v2\/comments?post=1071"}],"wp:featuredmedia":[{"embeddable":true,"href":"https:\/\/xn--frulein-wundershop-mtb.de\/index.php\/wp-json\/wp\/v2\/media\/1075"}],"wp:attachment":[{"href":"https:\/\/xn--frulein-wundershop-mtb.de\/index.php\/wp-json\/wp\/v2\/media?parent=1071"}],"wp:term":[{"taxonomy":"product_brand","embeddable":true,"href":"https:\/\/xn--frulein-wundershop-mtb.de\/index.php\/wp-json\/wp\/v2\/product_brand?post=1071"},{"taxonomy":"product_cat","embeddable":true,"href":"https:\/\/xn--frulein-wundershop-mtb.de\/index.php\/wp-json\/wp\/v2\/product_cat?post=1071"},{"taxonomy":"product_tag","embeddable":true,"href":"https:\/\/xn--frulein-wundershop-mtb.de\/index.php\/wp-json\/wp\/v2\/product_tag?post=1071"}],"curies":[{"name":"wp","href":"https:\/\/api.w.org\/{rel}","templated":true}]}}