{"id":786,"date":"2025-04-06T21:28:39","date_gmt":"2025-04-06T19:28:39","guid":{"rendered":"https:\/\/xn--frulein-wundershop-mtb.de\/?post_type=product&#038;p=786"},"modified":"2025-04-06T21:29:12","modified_gmt":"2025-04-06T19:29:12","slug":"rock-stepper-mit-tasche","status":"publish","type":"product","link":"https:\/\/xn--frulein-wundershop-mtb.de\/index.php\/produkt\/rock-stepper-mit-tasche\/","title":{"rendered":"Rock Stepper mit Tasche"},"content":{"rendered":"<p>Weicher, leicht elastischer Rock aus doppelseitigem Steppstoff (CO,PE,EA)<br \/>\nDadurch ist der Rock sch\u00f6n warm und auch f\u00fcr die k\u00e4ltere Jahreszeit geeignet.<br \/>\nFarbe: Gr\u00fcn<br \/>\nWunschgr\u00f6\u00dfe auf Anfrage.<\/p>\n","protected":false},"excerpt":{"rendered":"<p>Weicher, leicht elastischer Rock aus doppelseitigem Steppstoff (CO,PE,EA) Dadurch ist der Rock sch\u00f6n warm und auch f\u00fcr die k\u00e4ltere Jahreszeit geeignet. Farbe: Gr\u00fcn Wunschgr\u00f6\u00dfe auf Anfrage.<\/p>\n","protected":false},"featured_media":812,"comment_status":"closed","ping_status":"closed","template":"","meta":[],"product_brand":[],"product_cat":[31,39],"product_tag":[],"class_list":{"0":"post-786","1":"product","2":"type-product","3":"status-publish","4":"has-post-thumbnail","6":"product_cat-fuer-kleine","7":"product_cat-kleider","8":"product_shipping_class-maxi","10":"first","11":"instock","12":"purchasable","13":"product-type-variable"},"_links":{"self":[{"href":"https:\/\/xn--frulein-wundershop-mtb.de\/index.php\/wp-json\/wp\/v2\/product\/786","targetHints":{"allow":["GET"]}}],"collection":[{"href":"https:\/\/xn--frulein-wundershop-mtb.de\/index.php\/wp-json\/wp\/v2\/product"}],"about":[{"href":"https:\/\/xn--frulein-wundershop-mtb.de\/index.php\/wp-json\/wp\/v2\/types\/product"}],"replies":[{"embeddable":true,"href":"https:\/\/xn--frulein-wundershop-mtb.de\/index.php\/wp-json\/wp\/v2\/comments?post=786"}],"wp:featuredmedia":[{"embeddable":true,"href":"https:\/\/xn--frulein-wundershop-mtb.de\/index.php\/wp-json\/wp\/v2\/media\/812"}],"wp:attachment":[{"href":"https:\/\/xn--frulein-wundershop-mtb.de\/index.php\/wp-json\/wp\/v2\/media?parent=786"}],"wp:term":[{"taxonomy":"product_brand","embeddable":true,"href":"https:\/\/xn--frulein-wundershop-mtb.de\/index.php\/wp-json\/wp\/v2\/product_brand?post=786"},{"taxonomy":"product_cat","embeddable":true,"href":"https:\/\/xn--frulein-wundershop-mtb.de\/index.php\/wp-json\/wp\/v2\/product_cat?post=786"},{"taxonomy":"product_tag","embeddable":true,"href":"https:\/\/xn--frulein-wundershop-mtb.de\/index.php\/wp-json\/wp\/v2\/product_tag?post=786"}],"curies":[{"name":"wp","href":"https:\/\/api.w.org\/{rel}","templated":true}]}}